{"version":"1.0","provider_name":"Cycles Devos","provider_url":"https:\/\/cyclesdevos.be\/en","author_name":"lksdfqi678","author_url":"https:\/\/cyclesdevos.be\/en\/author\/lksdfqi678\/","title":"Cube Reaction Pro grey\u00b4n\u00b4orange - Cycles Devos","type":"rich","width":600,"height":338,"html":"<blockquote class=\"wp-embedded-content\" data-secret=\"KJCtuv5AAQ\"><a href=\"https:\/\/cyclesdevos.be\/en\/product\/cube-reaction-pro-greynorange\/\">Cube Reaction Pro grey'n'orange<\/a><\/blockquote><iframe sandbox=\"allow-scripts\" security=\"restricted\" src=\"https:\/\/cyclesdevos.be\/en\/product\/cube-reaction-pro-greynorange\/embed\/#?secret=KJCtuv5AAQ\" width=\"600\" height=\"338\" title=\"&#8220;Cube Reaction Pro grey\u00b4n\u00b4orange&#8221; &#8212; Cycles Devos\" data-secret=\"KJCtuv5AAQ\" frameborder=\"0\" marginwidth=\"0\" marginheight=\"0\" scrolling=\"no\" class=\"wp-embedded-content\"><\/iframe><script type=\"text\/javascript\">\n\/* <![CDATA[ *\/\n\/*! This file is auto-generated *\/\n!function(d,l){\"use strict\";l.querySelector&&d.addEventListener&&\"undefined\"!=typeof URL&&(d.wp=d.wp||{},d.wp.receiveEmbedMessage||(d.wp.receiveEmbedMessage=function(e){var t=e.data;if((t||t.secret||t.message||t.value)&&!\/[^a-zA-Z0-9]\/.test(t.secret)){for(var s,r,n,a=l.querySelectorAll('iframe[data-secret=\"'+t.secret+'\"]'),o=l.querySelectorAll('blockquote[data-secret=\"'+t.secret+'\"]'),c=new RegExp(\"^https?:$\",\"i\"),i=0;i<o.length;i++)o[i].style.display=\"none\";for(i=0;i<a.length;i++)s=a[i],e.source===s.contentWindow&&(s.removeAttribute(\"style\"),\"height\"===t.message?(1e3<(r=parseInt(t.value,10))?r=1e3:~~r<200&&(r=200),s.height=r):\"link\"===t.message&&(r=new URL(s.getAttribute(\"src\")),n=new URL(t.value),c.test(n.protocol))&&n.host===r.host&&l.activeElement===s&&(d.top.location.href=t.value))}},d.addEventListener(\"message\",d.wp.receiveEmbedMessage,!1),l.addEventListener(\"DOMContentLoaded\",function(){for(var e,t,s=l.querySelectorAll(\"iframe.wp-embedded-content\"),r=0;r<s.length;r++)(t=(e=s[r]).getAttribute(\"data-secret\"))||(t=Math.random().toString(36).substring(2,12),e.src+=\"#?secret=\"+t,e.setAttribute(\"data-secret\",t)),e.contentWindow.postMessage({message:\"ready\",secret:t},\"*\")},!1)))}(window,document);\n\/\/# sourceURL=https:\/\/cyclesdevos.be\/wp-includes\/js\/wp-embed.min.js\n\/* ]]> *\/\n<\/script>","thumbnail_url":"https:\/\/cyclesdevos.be\/wp-content\/uploads\/2021\/09\/512100_light.jpg","thumbnail_width":1080,"thumbnail_height":622,"description":"Lorsque nous nous sommes pench\u00e9s sur le design du Reaction Pro, nous voulions un m\u00e9lange parfait de fonction, de fiabilit\u00e9 et de performance. Nous sommes donc partis de la pr\u00e9cision de la transmission Shimano XT 12 vitesses, car elle offre une profondeur incroyable et une pr\u00e9cision sans \u00e9gal. Nous l\u2019avons ensuite \u00e9quip\u00e9 de freins \u00e0 [...]"}

Lorsque nous nous sommes penchés sur le design du Reaction Pro, nous voulions un mélange parfait de fonction, de fiabilité et de performance. Nous sommes donc partis de la précision de la transmission Shimano XT 12 vitesses, car elle offre une profondeur incroyable et une précision sans égal. Nous l’avons ensuite équipé de freins à [...]
